{"id":700,"date":"2018-05-04T13:24:31","date_gmt":"2018-05-04T11:24:31","guid":{"rendered":"http:\/\/www.juergenzeller.com\/?page_id=700"},"modified":"2019-04-29T13:02:58","modified_gmt":"2019-04-29T11:02:58","slug":"webdesign","status":"publish","type":"page","link":"https:\/\/www.juergenzeller.com\/?page_id=700","title":{"rendered":"Grafik- &#038; Webdesign"},"content":{"rendered":"<h3 style=\"text-align: center;\"><span style=\"color: #800080;\"><strong>Machen Sie Ihre Webseite zum resultatbringendem<br \/>\nMarketing und zu Ihrer Kunden-Gewinnungsmaschine<\/strong><\/span><\/h3>\n<p>&nbsp;<\/p>\n<p style=\"text-align: center;\">Eine <span style=\"color: #04b431;\">coole Webseite<\/span> nur mit TEXT ohne <span style=\"color: #df013a;\">WEBDESIGN<\/span> und<br \/>\n<strong><span style=\"color: #0101df;\">BILDBEARBEITUNG<\/span> ist doch kaum vorstellbar!<\/strong><\/p>\n<p>Webdesign mit visueller funktionaler und struktureller Gestaltung von Webseiten f\u00fcr das Internet ist somit f\u00fcr unseren dominantesten Sinn\u00a0 \u2666 <em>unseren Sehsinn<\/em> \u2666\u00a0 unverzichtbar. Webseiten mit aktuellen Trends, aufgepeppten Bildern und attraktivem Design sind auch der Dreh- und Angelpunkt des Online-Erfolgs.<\/p>\n<p>Von mir erstellte Webseiten garantieren einen schnellen Webseitenaufbau mit einem ansprechendem Layout (Themes) mit optimaler Suchmaschinen Auffindbarkeit. Somit ist gew\u00e4hrleistet das Mitbewerber mit professioneller Beratung und Top Webseiten einfach an Ihrem Unternehmen mit wehenden Fahnen vorbei ziehen und St\u00fcck f\u00fcr St\u00fcck dem Markt weiter einnehmen.<br \/>\n\u21d2In dieser Situation wird es somit von Tag zu Tag schwieriger sich zu positionieren.<\/p>\n<p>&nbsp;<\/p>\n<p>&nbsp;<\/p>\n<h5 style=\"text-align: center;\"><strong>Da jedes Unternehmen einzigartig ist und eine visuelle Identit\u00e4t haben<\/strong><\/h5>\n<h5 style=\"text-align: center;\"><strong>oder eine Marke sein sollte unterst\u00fctze ich Sie bei der<\/strong><\/h5>\n<h5 style=\"text-align: center;\"><strong><span style=\"color: #04b431;\">Entwicklung <\/span>&#8211; <span style=\"color: #0101df;\">Einf\u00fchrung <\/span>und <span style=\"color: #df013a;\">Umsetzung <\/span>von:<\/strong><\/h5>\n<p><em>\u2297\u00a0 Domainregistrierung und Auswahl des geeignetern Hosters<br \/>\n\u2297\u00a0 Suchmaschinenoptimierung<\/em><br \/>\n<em>\u2297\u00a0 Festlegung und Anlage von E-Mail-Adressen<br \/>\n<\/em><em>\u2297\u00a0 Responsives (mobile Design) Webdesign mit optimierten Webseiten, erstellt mit WordPress<br \/>\n<\/em><em>\u2297\u00a0 Konzeption und Gestaltung von &#8222;Call to Action&#8220; Elementen<\/em><br \/>\n<em>\u2297\u00a0 Corporate Design mit Logo Entwicklung, verschiedene Entw\u00fcrfe und Grafikgestaltung<\/em><br \/>\n<em>\u2297\u00a0 Imagebrosch\u00fcren, Faltbl\u00e4tter und Flyer<\/em><br \/>\n<em>\u2297\u00a0 Anzeigen, Messedisplays, Werbeschilder, Banner und individuelle Wandbeschriftung<\/em><br \/>\n<em>\u2297\u00a0 Visitenkarten<\/em><br \/>\n<em>\u2297\u00a0 Betreuung und Pflege der Webseiten nach Ihren Vorlagen<br \/>\n<\/em><\/p>\n<p><a href=\"http:\/\/www.juergenzeller.com\/?page_id=715\"><img loading=\"lazy\" class=\"aligncenter wp-image-731 size-medium\" src=\"http:\/\/www.juergenzeller.com\/wp-content\/uploads\/2018\/05\/kontaktanfrage-300x188.png\" alt=\"\" width=\"300\" height=\"188\" srcset=\"https:\/\/www.juergenzeller.com\/wp-content\/uploads\/2018\/05\/kontaktanfrage-300x188.png 300w, https:\/\/www.juergenzeller.com\/wp-content\/uploads\/2018\/05\/kontaktanfrage.png 640w\" sizes=\"(max-width: 300px) 100vw, 300px\" \/><\/a><\/p>\n<p>&nbsp;<\/p>\n","protected":false},"excerpt":{"rendered":"<p>Machen Sie Ihre Webseite zum resultatbringendem Marketing und zu Ihrer Kunden-Gewinnungsmaschine &nbsp; Eine coole Webseite nur mit TEXT ohne WEBDESIGN und BILDBEARBEITUNG ist doch kaum vorstellbar! Webdesign mit visueller funktionaler und struktureller Gestaltung von Webseiten f\u00fcr das Internet ist somit f\u00fcr unseren dominantesten Sinn\u00a0 \u2666 unseren Sehsinn \u2666\u00a0 unverzichtbar. Webseiten mit aktuellen Trends, aufgepeppten Bildern und attraktivem Design sind auch<\/p>\n","protected":false},"author":2,"featured_media":0,"parent":0,"menu_order":0,"comment_status":"closed","ping_status":"closed","template":"","meta":{"spay_email":""},"_links":{"self":[{"href":"https:\/\/www.juergenzeller.com\/index.php?rest_route=\/wp\/v2\/pages\/700"}],"collection":[{"href":"https:\/\/www.juergenzeller.com\/index.php?rest_route=\/wp\/v2\/pages"}],"about":[{"href":"https:\/\/www.juergenzeller.com\/index.php?rest_route=\/wp\/v2\/types\/page"}],"author":[{"embeddable":true,"href":"https:\/\/www.juergenzeller.com\/index.php?rest_route=\/wp\/v2\/users\/2"}],"replies":[{"embeddable":true,"href":"https:\/\/www.juergenzeller.com\/index.php?rest_route=%2Fwp%2Fv2%2Fcomments&post=700"}],"version-history":[{"count":45,"href":"https:\/\/www.juergenzeller.com\/index.php?rest_route=\/wp\/v2\/pages\/700\/revisions"}],"predecessor-version":[{"id":950,"href":"https:\/\/www.juergenzeller.com\/index.php?rest_route=\/wp\/v2\/pages\/700\/revisions\/950"}],"wp:attachment":[{"href":"https:\/\/www.juergenzeller.com\/index.php?rest_route=%2Fwp%2Fv2%2Fmedia&parent=700"}],"curies":[{"name":"wp","href":"https:\/\/api.w.org\/{rel}","templated":true}]}}